{"id":4846,"date":"2018-10-08T14:44:35","date_gmt":"2018-10-08T12:44:35","guid":{"rendered":"https:\/\/www.priscus.eu\/collaborateur\/jean-marc-boyer\/"},"modified":"2023-09-15T16:59:24","modified_gmt":"2023-09-15T14:59:24","slug":"jean-marc-boyer","status":"publish","type":"collaborateur","link":"https:\/\/www.priscus.eu\/it\/collaborateur\/jean-marc-boyer\/","title":{"rendered":"Jean-Marc Boyer"},"content":{"rendered":"\n<p class=\"wp-block-paragraph\">Jean-Marc, aujourd&#8217;hui Pr\u00e9sident de l&#8217;ACEB, cabinet de conseil en assurances, a d&#8217;abord \u00e9t\u00e9 auditeur d&#8217;assurances. Il a particip\u00e9 \u00e0 diverses missions \u00e0 l&#8217;Inspection des Finances, \u00e0 la Commission de Contr\u00f4le des Assurances et au Tr\u00e9sor. Entre 1994 et 2005, il a occup\u00e9 des fonctions de management puis de direction g\u00e9n\u00e9rale au sein d&#8217;Aviva en France puis d&#8217;Aviva Europe.<\/p>\n\n\n\n<p class=\"wp-block-paragraph\"><br>De 2005 \u00e0 2008, il est d\u00e9l\u00e9gu\u00e9 g\u00e9n\u00e9ral de la F\u00e9d\u00e9ration fran\u00e7aise des soci\u00e9t\u00e9s d&#8217;assurances, avant de rejoindre Fixage Actuariat de 2008 \u00e0 2010 en tant que directeur g\u00e9n\u00e9ral adjoint. De 2010 \u00e0 2012, il est directeur g\u00e9n\u00e9ral de Groupe Pasteur Mutualit\u00e9, avant de fonder l&#8217;ACEB, puis Iron-Algo.<\/p>\n\n\n\n<p class=\"wp-block-paragraph\"><strong><strong>Formazione<\/strong><\/strong> : <br>X-ENSAE-Actuaire<\/p>\n\n\n\n<p><strong>Abilit\u00e0 tecniche<\/strong> : <\/br>Assurances Actuariat Audit<\/br>R\u00e9glementation financi\u00e8re<\/br>Direction g\u00e9n\u00e9rale en assurances<\/br>Interface public-priv\u00e9<\/br>Conseil Start up<\/p>\n","protected":false},"featured_media":3225,"menu_order":14,"template":"","poste-collaborateur":[146],"tags":[],"class_list":["post-4846","collaborateur","type-collaborateur","status-publish","has-post-thumbnail","hentry","poste-collaborateur-senior-advisor-it"],"acf":[],"yoast_head":"<!-- This site is optimized with the Yoast SEO plugin v21.1 - https:\/\/yoast.com\/wordpress\/plugins\/seo\/ -->\n<title>Jean-Marc Boyer - Priscus<\/title>\n<meta name=\"robots\" content=\"index, follow, max-snippet:-1, max-image-preview:large, max-video-preview:-1\" \/>\n<link rel=\"canonical\" href=\"https:\/\/www.priscus.eu\/it\/collaborateur\/jean-marc-boyer\/\" \/>\n<meta property=\"og:locale\" content=\"it_IT\" \/>\n<meta property=\"og:type\" content=\"article\" \/>\n<meta property=\"og:title\" content=\"Jean-Marc Boyer - Priscus\" \/>\n<meta property=\"og:description\" content=\"Jean-Marc, aujourd&#8217;hui Pr\u00e9sident de l&#8217;ACEB, cabinet de conseil en assurances, a d&#8217;abord \u00e9t\u00e9 auditeur d&#8217;assurances. Il a particip\u00e9 \u00e0 diverses missions \u00e0 l&#8217;Inspection des Finances, \u00e0 la Commission de Contr\u00f4le des Assurances et au Tr\u00e9sor. Entre 1994 et 2005, il a occup\u00e9 des fonctions de management puis de direction g\u00e9n\u00e9rale au sein d&#8217;Aviva en France [&hellip;]\" \/>\n<meta property=\"og:url\" content=\"https:\/\/www.priscus.eu\/it\/collaborateur\/jean-marc-boyer\/\" \/>\n<meta property=\"og:site_name\" content=\"Priscus\" \/>\n<meta property=\"article:modified_time\" content=\"2023-09-15T14:59:24+00:00\" \/>\n<meta property=\"og:image\" content=\"https:\/\/www.priscus.eu\/wp-content\/uploads\/2023\/06\/Jean-March-Boyer.png\" \/>\n\t<meta property=\"og:image:width\" content=\"1200\" \/>\n\t<meta property=\"og:image:height\" content=\"1585\" \/>\n\t<meta property=\"og:image:type\" content=\"image\/png\" \/>\n<meta name=\"twitter:card\" content=\"summary_large_image\" \/>\n<meta name=\"twitter:label1\" content=\"Tempo di lettura stimato\" \/>\n\t<meta name=\"twitter:data1\" content=\"1 minuto\" \/>\n<script type=\"application\/ld+json\" class=\"yoast-schema-graph\">{\"@context\":\"https:\/\/schema.org\",\"@graph\":[{\"@type\":\"WebPage\",\"@id\":\"https:\/\/www.priscus.eu\/it\/collaborateur\/jean-marc-boyer\/\",\"url\":\"https:\/\/www.priscus.eu\/it\/collaborateur\/jean-marc-boyer\/\",\"name\":\"Jean-Marc Boyer - Priscus\",\"isPartOf\":{\"@id\":\"https:\/\/www.priscus.eu\/#website\"},\"datePublished\":\"2018-10-08T12:44:35+00:00\",\"dateModified\":\"2023-09-15T14:59:24+00:00\",\"breadcrumb\":{\"@id\":\"https:\/\/www.priscus.eu\/it\/collaborateur\/jean-marc-boyer\/#breadcrumb\"},\"inLanguage\":\"it-IT\",\"potentialAction\":[{\"@type\":\"ReadAction\",\"target\":[\"https:\/\/www.priscus.eu\/it\/collaborateur\/jean-marc-boyer\/\"]}]},{\"@type\":\"BreadcrumbList\",\"@id\":\"https:\/\/www.priscus.eu\/it\/collaborateur\/jean-marc-boyer\/#breadcrumb\",\"itemListElement\":[{\"@type\":\"ListItem\",\"position\":1,\"name\":\"Accueil\",\"item\":\"https:\/\/www.priscus.eu\/it\/\"},{\"@type\":\"ListItem\",\"position\":2,\"name\":\"Jean-Marc Boyer\"}]},{\"@type\":\"WebSite\",\"@id\":\"https:\/\/www.priscus.eu\/#website\",\"url\":\"https:\/\/www.priscus.eu\/\",\"name\":\"Priscus\",\"description\":\"\",\"publisher\":{\"@id\":\"https:\/\/www.priscus.eu\/#organization\"},\"potentialAction\":[{\"@type\":\"SearchAction\",\"target\":{\"@type\":\"EntryPoint\",\"urlTemplate\":\"https:\/\/www.priscus.eu\/?s={search_term_string}\"},\"query-input\":\"required name=search_term_string\"}],\"inLanguage\":\"it-IT\"},{\"@type\":\"Organization\",\"@id\":\"https:\/\/www.priscus.eu\/#organization\",\"name\":\"Priscus\",\"url\":\"https:\/\/www.priscus.eu\/\",\"logo\":{\"@type\":\"ImageObject\",\"inLanguage\":\"it-IT\",\"@id\":\"https:\/\/www.priscus.eu\/#\/schema\/logo\/image\/\",\"url\":\"https:\/\/www.priscus.eu\/wp-content\/uploads\/2023\/05\/logo.svg\",\"contentUrl\":\"https:\/\/www.priscus.eu\/wp-content\/uploads\/2023\/05\/logo.svg\",\"width\":1,\"height\":1,\"caption\":\"Priscus\"},\"image\":{\"@id\":\"https:\/\/www.priscus.eu\/#\/schema\/logo\/image\/\"}}]}<\/script>\n<!-- \/ Yoast SEO plugin. -->","yoast_head_json":{"title":"Jean-Marc Boyer - Priscus","robots":{"index":"index","follow":"follow","max-snippet":"max-snippet:-1","max-image-preview":"max-image-preview:large","max-video-preview":"max-video-preview:-1"},"canonical":"https:\/\/www.priscus.eu\/it\/collaborateur\/jean-marc-boyer\/","og_locale":"it_IT","og_type":"article","og_title":"Jean-Marc Boyer - Priscus","og_description":"Jean-Marc, aujourd&#8217;hui Pr\u00e9sident de l&#8217;ACEB, cabinet de conseil en assurances, a d&#8217;abord \u00e9t\u00e9 auditeur d&#8217;assurances. Il a particip\u00e9 \u00e0 diverses missions \u00e0 l&#8217;Inspection des Finances, \u00e0 la Commission de Contr\u00f4le des Assurances et au Tr\u00e9sor. Entre 1994 et 2005, il a occup\u00e9 des fonctions de management puis de direction g\u00e9n\u00e9rale au sein d&#8217;Aviva en France [&hellip;]","og_url":"https:\/\/www.priscus.eu\/it\/collaborateur\/jean-marc-boyer\/","og_site_name":"Priscus","article_modified_time":"2023-09-15T14:59:24+00:00","og_image":[{"width":1200,"height":1585,"url":"https:\/\/www.priscus.eu\/wp-content\/uploads\/2023\/06\/Jean-March-Boyer.png","type":"image\/png"}],"twitter_card":"summary_large_image","twitter_misc":{"Tempo di lettura stimato":"1 minuto"},"schema":{"@context":"https:\/\/schema.org","@graph":[{"@type":"WebPage","@id":"https:\/\/www.priscus.eu\/it\/collaborateur\/jean-marc-boyer\/","url":"https:\/\/www.priscus.eu\/it\/collaborateur\/jean-marc-boyer\/","name":"Jean-Marc Boyer - Priscus","isPartOf":{"@id":"https:\/\/www.priscus.eu\/#website"},"datePublished":"2018-10-08T12:44:35+00:00","dateModified":"2023-09-15T14:59:24+00:00","breadcrumb":{"@id":"https:\/\/www.priscus.eu\/it\/collaborateur\/jean-marc-boyer\/#breadcrumb"},"inLanguage":"it-IT","potentialAction":[{"@type":"ReadAction","target":["https:\/\/www.priscus.eu\/it\/collaborateur\/jean-marc-boyer\/"]}]},{"@type":"BreadcrumbList","@id":"https:\/\/www.priscus.eu\/it\/collaborateur\/jean-marc-boyer\/#breadcrumb","itemListElement":[{"@type":"ListItem","position":1,"name":"Accueil","item":"https:\/\/www.priscus.eu\/it\/"},{"@type":"ListItem","position":2,"name":"Jean-Marc Boyer"}]},{"@type":"WebSite","@id":"https:\/\/www.priscus.eu\/#website","url":"https:\/\/www.priscus.eu\/","name":"Priscus","description":"","publisher":{"@id":"https:\/\/www.priscus.eu\/#organization"},"potentialAction":[{"@type":"SearchAction","target":{"@type":"EntryPoint","urlTemplate":"https:\/\/www.priscus.eu\/?s={search_term_string}"},"query-input":"required name=search_term_string"}],"inLanguage":"it-IT"},{"@type":"Organization","@id":"https:\/\/www.priscus.eu\/#organization","name":"Priscus","url":"https:\/\/www.priscus.eu\/","logo":{"@type":"ImageObject","inLanguage":"it-IT","@id":"https:\/\/www.priscus.eu\/#\/schema\/logo\/image\/","url":"https:\/\/www.priscus.eu\/wp-content\/uploads\/2023\/05\/logo.svg","contentUrl":"https:\/\/www.priscus.eu\/wp-content\/uploads\/2023\/05\/logo.svg","width":1,"height":1,"caption":"Priscus"},"image":{"@id":"https:\/\/www.priscus.eu\/#\/schema\/logo\/image\/"}}]}},"_links":{"self":[{"href":"https:\/\/www.priscus.eu\/it\/wp-json\/wp\/v2\/collaborateur\/4846","targetHints":{"allow":["GET"]}}],"collection":[{"href":"https:\/\/www.priscus.eu\/it\/wp-json\/wp\/v2\/collaborateur"}],"about":[{"href":"https:\/\/www.priscus.eu\/it\/wp-json\/wp\/v2\/types\/collaborateur"}],"wp:featuredmedia":[{"embeddable":true,"href":"https:\/\/www.priscus.eu\/it\/wp-json\/wp\/v2\/media\/3225"}],"wp:attachment":[{"href":"https:\/\/www.priscus.eu\/it\/wp-json\/wp\/v2\/media?parent=4846"}],"wp:term":[{"taxonomy":"poste-collaborateur","embeddable":true,"href":"https:\/\/www.priscus.eu\/it\/wp-json\/wp\/v2\/poste-collaborateur?post=4846"},{"taxonomy":"tags","embeddable":true,"href":"https:\/\/www.priscus.eu\/it\/wp-json\/wp\/v2\/tags?post=4846"}],"curies":[{"name":"wp","href":"https:\/\/api.w.org\/{rel}","templated":true}]}}

<p class="wp-block-paragraph">Jean-Marc, aujourd&#8217;hui Président de l&#8217;ACEB, cabinet de conseil en assurances, a d&#8217;abord été auditeur d&#8217;assurances. Il a participé à diverses missions à l&#8217;Inspection des Finances, à la Commission de Contrôle des Assurances et au Trésor. Entre 1994 et 2005, il a occupé des fonctions de management puis de direction générale au sein d&#8217;Aviva en France puis d&#8217;Aviva Europe.</p>



<p class="wp-block-paragraph"><br>De 2005 à 2008, il est délégué général de la Fédération française des sociétés d&#8217;assurances, avant de rejoindre Fixage Actuariat de 2008 à 2010 en tant que directeur général adjoint. De 2010 à 2012, il est directeur général de Groupe Pasteur Mutualité, avant de fonder l&#8217;ACEB, puis Iron-Algo.</p>



<p class="wp-block-paragraph"><strong><strong>Formazione</strong></strong> : <br>X-ENSAE-Actuaire</p>



<p><strong>Abilità tecniche</strong> : </br>Assurances Actuariat Audit</br>Réglementation financière</br>Direction générale en assurances</br>Interface public-privé</br>Conseil Start up</p>

<!-- This site is optimized with the Yoast SEO plugin v21.1 - https://yoast.com/wordpress/plugins/seo/ -->
<title>Jean-Marc Boyer - Priscus</title>
<meta name="robots" content="index, follow, max-snippet:-1, max-image-preview:large, max-video-preview:-1" />
<link rel="canonical" href="https://www.priscus.eu/it/collaborateur/jean-marc-boyer/" />
<meta property="og:locale" content="it_IT" />
<meta property="og:type" content="article" />
<meta property="og:title" content="Jean-Marc Boyer - Priscus" />
<meta property="og:description" content="Jean-Marc, aujourd&#8217;hui Président de l&#8217;ACEB, cabinet de conseil en assurances, a d&#8217;abord été auditeur d&#8217;assurances. Il a participé à diverses missions à l&#8217;Inspection des Finances, à la Commission de Contrôle des Assurances et au Trésor. Entre 1994 et 2005, il a occupé des fonctions de management puis de direction générale au sein d&#8217;Aviva en France [&hellip;]" />
<meta property="og:url" content="https://www.priscus.eu/it/collaborateur/jean-marc-boyer/" />
<meta property="og:site_name" content="Priscus" />
<meta property="article:modified_time" content="2023-09-15T14:59:24+00:00" />
<meta property="og:image" content="https://www.priscus.eu/wp-content/uploads/2023/06/Jean-March-Boyer.png" />
	<meta property="og:image:width" content="1200" />
	<meta property="og:image:height" content="1585" />
	<meta property="og:image:type" content="image/png" />
<meta name="twitter:card" content="summary_large_image" />
<meta name="twitter:label1" content="Tempo di lettura stimato" />
	<meta name="twitter:data1" content="1 minuto" />
<script type="application/ld+json" class="yoast-schema-graph">{"@context":"https://schema.org","@graph":[{"@type":"WebPage","@id":"https://www.priscus.eu/it/collaborateur/jean-marc-boyer/","url":"https://www.priscus.eu/it/collaborateur/jean-marc-boyer/","name":"Jean-Marc Boyer - Priscus","isPartOf":{"@id":"https://www.priscus.eu/#website"},"datePublished":"2018-10-08T12:44:35+00:00","dateModified":"2023-09-15T14:59:24+00:00","breadcrumb":{"@id":"https://www.priscus.eu/it/collaborateur/jean-marc-boyer/#breadcrumb"},"inLanguage":"it-IT","potentialAction":[{"@type":"ReadAction","target":["https://www.priscus.eu/it/collaborateur/jean-marc-boyer/"]}]},{"@type":"BreadcrumbList","@id":"https://www.priscus.eu/it/collaborateur/jean-marc-boyer/#breadcrumb","itemListElement":[{"@type":"ListItem","position":1,"name":"Accueil","item":"https://www.priscus.eu/it/"},{"@type":"ListItem","position":2,"name":"Jean-Marc Boyer"}]},{"@type":"WebSite","@id":"https://www.priscus.eu/#website","url":"https://www.priscus.eu/","name":"Priscus","description":"","publisher":{"@id":"https://www.priscus.eu/#organization"},"potentialAction":[{"@type":"SearchAction","target":{"@type":"EntryPoint","urlTemplate":"https://www.priscus.eu/?s={search_term_string}"},"query-input":"required name=search_term_string"}],"inLanguage":"it-IT"},{"@type":"Organization","@id":"https://www.priscus.eu/#organization","name":"Priscus","url":"https://www.priscus.eu/","logo":{"@type":"ImageObject","inLanguage":"it-IT","@id":"https://www.priscus.eu/#/schema/logo/image/","url":"https://www.priscus.eu/wp-content/uploads/2023/05/logo.svg","contentUrl":"https://www.priscus.eu/wp-content/uploads/2023/05/logo.svg","width":1,"height":1,"caption":"Priscus"},"image":{"@id":"https://www.priscus.eu/#/schema/logo/image/"}}]}</script>
<!-- / Yoast SEO plugin. -->

Jean-Marc, aujourd&#8217;hui Président de l&#8217;ACEB, cabinet de conseil en assurances, a d&#8217;abord été auditeur d&#8217;assurances. Il a participé à diverses missions à l&#8217;Inspection des Finances, à la Commission de Contrôle des Assurances et au Trésor. Entre 1994 et 2005, il a occupé des fonctions de management puis de direction générale au sein d&#8217;Aviva en France [&hellip;]
