{"id":4832,"date":"2007-07-08T14:27:04","date_gmt":"2007-07-08T12:27:04","guid":{"rendered":"https:\/\/www.priscus.eu\/collaborateur\/eduardo-orri\/"},"modified":"2023-09-15T16:55:09","modified_gmt":"2023-09-15T14:55:09","slug":"eduardo-orri","status":"publish","type":"collaborateur","link":"https:\/\/www.priscus.eu\/it\/collaborateur\/eduardo-orri\/","title":{"rendered":"Eduardo Orri"},"content":{"rendered":"\n<p>Partner de Priscus Iberia et Senior Advisor de Priscus Finance \u00e0 Paris.<br>Il d\u00e9bute sa carri\u00e8re professionnelle en 1983 au sein du groupe d&#8217;assurances allemand ARAG, leader europ\u00e9en de l&#8217;assurance de protection juridique, d&#8217;abord comme responsable du bureau de la Communaut\u00e9 valencienne puis comme directeur commercial de la business unit en Espagne jusqu&#8217;en 2003.<br>En 2003, il rejoint le cabinet d&#8217;avocats OYT ABOGADOS en tant qu&#8217;associ\u00e9 jusqu&#8217;\u00e0 aujourd&#8217;hui. Cabinet expert dans le secteur de l&#8217;assurance et de la finance et poss\u00e9dant une vaste exp\u00e9rience dans le monde des affaires.<\/p>\n\n\n\n<p><br>En 2004, il cr\u00e9e le cabinet de conseil OC CONSULTORES, dont il est associ\u00e9-g\u00e9rant, jusqu&#8217;\u00e0 aujourd&#8217;hui. \u00c9galement sp\u00e9cialis\u00e9 dans le secteur des assurances et de la finance, soutenant de nombreuses op\u00e9rations internationales pour l&#8217;entr\u00e9e d&#8217;entit\u00e9s d&#8217;assurance europ\u00e9ennes sur le march\u00e9 espagnol telles que INTERHANNOVER, MILLENNIUM, EUROINSURANCE, XL CATLIN, KILN, BTA, HUBENNER\u2026etc. En outre, elle fournit un soutien en mati\u00e8re de conseil strat\u00e9gique et d&#8217;entreprise aux PME espagnoles principalement li\u00e9es au secteur de l&#8217;assurance et \u00e9galement aux op\u00e9rations immobili\u00e8res dans le secteur de l&#8217;assurance. <\/p>\n\n\n\n<p><strong>Formazione<\/strong> : <br>Universit\u00e9 de Valence (droit des affaires) <br>Institut des directeurs d&#8217;entreprise ID-CESEM (MBA)<\/p>\n\n\n\n<p><strong><strong>Abilit\u00e0 tecniche<\/strong><\/strong> : <br>Conseil M&amp;A<br>Conseil Juridique<br><\/p>\n","protected":false},"featured_media":3217,"menu_order":9,"template":"","poste-collaborateur":[148],"tags":[],"class_list":["post-4832","collaborateur","type-collaborateur","status-publish","has-post-thumbnail","hentry","poste-collaborateur-associes-it"],"acf":[],"yoast_head":"<!-- This site is optimized with the Yoast SEO plugin v21.1 - https:\/\/yoast.com\/wordpress\/plugins\/seo\/ -->\n<title>Eduardo Orri - Priscus<\/title>\n<meta name=\"robots\" content=\"index, follow, max-snippet:-1, max-image-preview:large, max-video-preview:-1\" \/>\n<link rel=\"canonical\" href=\"https:\/\/www.priscus.eu\/it\/collaborateur\/eduardo-orri\/\" \/>\n<meta property=\"og:locale\" content=\"it_IT\" \/>\n<meta property=\"og:type\" content=\"article\" \/>\n<meta property=\"og:title\" content=\"Eduardo Orri - Priscus\" \/>\n<meta property=\"og:description\" content=\"Partner de Priscus Iberia et Senior Advisor de Priscus Finance \u00e0 Paris.Il d\u00e9bute sa carri\u00e8re professionnelle en 1983 au sein du groupe d&#8217;assurances allemand ARAG, leader europ\u00e9en de l&#8217;assurance de protection juridique, d&#8217;abord comme responsable du bureau de la Communaut\u00e9 valencienne puis comme directeur commercial de la business unit en Espagne jusqu&#8217;en 2003.En 2003, il [&hellip;]\" \/>\n<meta property=\"og:url\" content=\"https:\/\/www.priscus.eu\/it\/collaborateur\/eduardo-orri\/\" \/>\n<meta property=\"og:site_name\" content=\"Priscus\" \/>\n<meta property=\"article:modified_time\" content=\"2023-09-15T14:55:09+00:00\" \/>\n<meta property=\"og:image\" content=\"https:\/\/www.priscus.eu\/wp-content\/uploads\/2023\/06\/Eduardo-Orri.png\" \/>\n\t<meta property=\"og:image:width\" content=\"1200\" \/>\n\t<meta property=\"og:image:height\" content=\"1585\" \/>\n\t<meta property=\"og:image:type\" content=\"image\/png\" \/>\n<meta name=\"twitter:card\" content=\"summary_large_image\" \/>\n<meta name=\"twitter:label1\" content=\"Tempo di lettura stimato\" \/>\n\t<meta name=\"twitter:data1\" content=\"1 minuto\" \/>\n<script type=\"application\/ld+json\" class=\"yoast-schema-graph\">{\"@context\":\"https:\/\/schema.org\",\"@graph\":[{\"@type\":\"WebPage\",\"@id\":\"https:\/\/www.priscus.eu\/it\/collaborateur\/eduardo-orri\/\",\"url\":\"https:\/\/www.priscus.eu\/it\/collaborateur\/eduardo-orri\/\",\"name\":\"Eduardo Orri - Priscus\",\"isPartOf\":{\"@id\":\"https:\/\/www.priscus.eu\/#website\"},\"datePublished\":\"2007-07-08T12:27:04+00:00\",\"dateModified\":\"2023-09-15T14:55:09+00:00\",\"breadcrumb\":{\"@id\":\"https:\/\/www.priscus.eu\/it\/collaborateur\/eduardo-orri\/#breadcrumb\"},\"inLanguage\":\"it-IT\",\"potentialAction\":[{\"@type\":\"ReadAction\",\"target\":[\"https:\/\/www.priscus.eu\/it\/collaborateur\/eduardo-orri\/\"]}]},{\"@type\":\"BreadcrumbList\",\"@id\":\"https:\/\/www.priscus.eu\/it\/collaborateur\/eduardo-orri\/#breadcrumb\",\"itemListElement\":[{\"@type\":\"ListItem\",\"position\":1,\"name\":\"Accueil\",\"item\":\"https:\/\/www.priscus.eu\/it\/\"},{\"@type\":\"ListItem\",\"position\":2,\"name\":\"Eduardo Orri\"}]},{\"@type\":\"WebSite\",\"@id\":\"https:\/\/www.priscus.eu\/#website\",\"url\":\"https:\/\/www.priscus.eu\/\",\"name\":\"Priscus\",\"description\":\"\",\"publisher\":{\"@id\":\"https:\/\/www.priscus.eu\/#organization\"},\"potentialAction\":[{\"@type\":\"SearchAction\",\"target\":{\"@type\":\"EntryPoint\",\"urlTemplate\":\"https:\/\/www.priscus.eu\/?s={search_term_string}\"},\"query-input\":\"required name=search_term_string\"}],\"inLanguage\":\"it-IT\"},{\"@type\":\"Organization\",\"@id\":\"https:\/\/www.priscus.eu\/#organization\",\"name\":\"Priscus\",\"url\":\"https:\/\/www.priscus.eu\/\",\"logo\":{\"@type\":\"ImageObject\",\"inLanguage\":\"it-IT\",\"@id\":\"https:\/\/www.priscus.eu\/#\/schema\/logo\/image\/\",\"url\":\"https:\/\/www.priscus.eu\/wp-content\/uploads\/2023\/05\/logo.svg\",\"contentUrl\":\"https:\/\/www.priscus.eu\/wp-content\/uploads\/2023\/05\/logo.svg\",\"width\":1,\"height\":1,\"caption\":\"Priscus\"},\"image\":{\"@id\":\"https:\/\/www.priscus.eu\/#\/schema\/logo\/image\/\"}}]}<\/script>\n<!-- \/ Yoast SEO plugin. -->","yoast_head_json":{"title":"Eduardo Orri - Priscus","robots":{"index":"index","follow":"follow","max-snippet":"max-snippet:-1","max-image-preview":"max-image-preview:large","max-video-preview":"max-video-preview:-1"},"canonical":"https:\/\/www.priscus.eu\/it\/collaborateur\/eduardo-orri\/","og_locale":"it_IT","og_type":"article","og_title":"Eduardo Orri - Priscus","og_description":"Partner de Priscus Iberia et Senior Advisor de Priscus Finance \u00e0 Paris.Il d\u00e9bute sa carri\u00e8re professionnelle en 1983 au sein du groupe d&#8217;assurances allemand ARAG, leader europ\u00e9en de l&#8217;assurance de protection juridique, d&#8217;abord comme responsable du bureau de la Communaut\u00e9 valencienne puis comme directeur commercial de la business unit en Espagne jusqu&#8217;en 2003.En 2003, il [&hellip;]","og_url":"https:\/\/www.priscus.eu\/it\/collaborateur\/eduardo-orri\/","og_site_name":"Priscus","article_modified_time":"2023-09-15T14:55:09+00:00","og_image":[{"width":1200,"height":1585,"url":"https:\/\/www.priscus.eu\/wp-content\/uploads\/2023\/06\/Eduardo-Orri.png","type":"image\/png"}],"twitter_card":"summary_large_image","twitter_misc":{"Tempo di lettura stimato":"1 minuto"},"schema":{"@context":"https:\/\/schema.org","@graph":[{"@type":"WebPage","@id":"https:\/\/www.priscus.eu\/it\/collaborateur\/eduardo-orri\/","url":"https:\/\/www.priscus.eu\/it\/collaborateur\/eduardo-orri\/","name":"Eduardo Orri - Priscus","isPartOf":{"@id":"https:\/\/www.priscus.eu\/#website"},"datePublished":"2007-07-08T12:27:04+00:00","dateModified":"2023-09-15T14:55:09+00:00","breadcrumb":{"@id":"https:\/\/www.priscus.eu\/it\/collaborateur\/eduardo-orri\/#breadcrumb"},"inLanguage":"it-IT","potentialAction":[{"@type":"ReadAction","target":["https:\/\/www.priscus.eu\/it\/collaborateur\/eduardo-orri\/"]}]},{"@type":"BreadcrumbList","@id":"https:\/\/www.priscus.eu\/it\/collaborateur\/eduardo-orri\/#breadcrumb","itemListElement":[{"@type":"ListItem","position":1,"name":"Accueil","item":"https:\/\/www.priscus.eu\/it\/"},{"@type":"ListItem","position":2,"name":"Eduardo Orri"}]},{"@type":"WebSite","@id":"https:\/\/www.priscus.eu\/#website","url":"https:\/\/www.priscus.eu\/","name":"Priscus","description":"","publisher":{"@id":"https:\/\/www.priscus.eu\/#organization"},"potentialAction":[{"@type":"SearchAction","target":{"@type":"EntryPoint","urlTemplate":"https:\/\/www.priscus.eu\/?s={search_term_string}"},"query-input":"required name=search_term_string"}],"inLanguage":"it-IT"},{"@type":"Organization","@id":"https:\/\/www.priscus.eu\/#organization","name":"Priscus","url":"https:\/\/www.priscus.eu\/","logo":{"@type":"ImageObject","inLanguage":"it-IT","@id":"https:\/\/www.priscus.eu\/#\/schema\/logo\/image\/","url":"https:\/\/www.priscus.eu\/wp-content\/uploads\/2023\/05\/logo.svg","contentUrl":"https:\/\/www.priscus.eu\/wp-content\/uploads\/2023\/05\/logo.svg","width":1,"height":1,"caption":"Priscus"},"image":{"@id":"https:\/\/www.priscus.eu\/#\/schema\/logo\/image\/"}}]}},"_links":{"self":[{"href":"https:\/\/www.priscus.eu\/it\/wp-json\/wp\/v2\/collaborateur\/4832","targetHints":{"allow":["GET"]}}],"collection":[{"href":"https:\/\/www.priscus.eu\/it\/wp-json\/wp\/v2\/collaborateur"}],"about":[{"href":"https:\/\/www.priscus.eu\/it\/wp-json\/wp\/v2\/types\/collaborateur"}],"wp:featuredmedia":[{"embeddable":true,"href":"https:\/\/www.priscus.eu\/it\/wp-json\/wp\/v2\/media\/3217"}],"wp:attachment":[{"href":"https:\/\/www.priscus.eu\/it\/wp-json\/wp\/v2\/media?parent=4832"}],"wp:term":[{"taxonomy":"poste-collaborateur","embeddable":true,"href":"https:\/\/www.priscus.eu\/it\/wp-json\/wp\/v2\/poste-collaborateur?post=4832"},{"taxonomy":"tags","embeddable":true,"href":"https:\/\/www.priscus.eu\/it\/wp-json\/wp\/v2\/tags?post=4832"}],"curies":[{"name":"wp","href":"https:\/\/api.w.org\/{rel}","templated":true}]}}

<p>Partner de Priscus Iberia et Senior Advisor de Priscus Finance à Paris.<br>Il débute sa carrière professionnelle en 1983 au sein du groupe d&#8217;assurances allemand ARAG, leader européen de l&#8217;assurance de protection juridique, d&#8217;abord comme responsable du bureau de la Communauté valencienne puis comme directeur commercial de la business unit en Espagne jusqu&#8217;en 2003.<br>En 2003, il rejoint le cabinet d&#8217;avocats OYT ABOGADOS en tant qu&#8217;associé jusqu&#8217;à aujourd&#8217;hui. Cabinet expert dans le secteur de l&#8217;assurance et de la finance et possédant une vaste expérience dans le monde des affaires.</p>



<p><br>En 2004, il crée le cabinet de conseil OC CONSULTORES, dont il est associé-gérant, jusqu&#8217;à aujourd&#8217;hui. Également spécialisé dans le secteur des assurances et de la finance, soutenant de nombreuses opérations internationales pour l&#8217;entrée d&#8217;entités d&#8217;assurance européennes sur le marché espagnol telles que INTERHANNOVER, MILLENNIUM, EUROINSURANCE, XL CATLIN, KILN, BTA, HUBENNER…etc. En outre, elle fournit un soutien en matière de conseil stratégique et d&#8217;entreprise aux PME espagnoles principalement liées au secteur de l&#8217;assurance et également aux opérations immobilières dans le secteur de l&#8217;assurance. </p>



<p><strong>Formazione</strong> : <br>Université de Valence (droit des affaires) <br>Institut des directeurs d&#8217;entreprise ID-CESEM (MBA)</p>



<p><strong><strong>Abilità tecniche</strong></strong> : <br>Conseil M&amp;A<br>Conseil Juridique<br></p>

<!-- This site is optimized with the Yoast SEO plugin v21.1 - https://yoast.com/wordpress/plugins/seo/ -->
<title>Eduardo Orri - Priscus</title>
<meta name="robots" content="index, follow, max-snippet:-1, max-image-preview:large, max-video-preview:-1" />
<link rel="canonical" href="https://www.priscus.eu/it/collaborateur/eduardo-orri/" />
<meta property="og:locale" content="it_IT" />
<meta property="og:type" content="article" />
<meta property="og:title" content="Eduardo Orri - Priscus" />
<meta property="og:description" content="Partner de Priscus Iberia et Senior Advisor de Priscus Finance à Paris.Il débute sa carrière professionnelle en 1983 au sein du groupe d&#8217;assurances allemand ARAG, leader européen de l&#8217;assurance de protection juridique, d&#8217;abord comme responsable du bureau de la Communauté valencienne puis comme directeur commercial de la business unit en Espagne jusqu&#8217;en 2003.En 2003, il [&hellip;]" />
<meta property="og:url" content="https://www.priscus.eu/it/collaborateur/eduardo-orri/" />
<meta property="og:site_name" content="Priscus" />
<meta property="article:modified_time" content="2023-09-15T14:55:09+00:00" />
<meta property="og:image" content="https://www.priscus.eu/wp-content/uploads/2023/06/Eduardo-Orri.png" />
	<meta property="og:image:width" content="1200" />
	<meta property="og:image:height" content="1585" />
	<meta property="og:image:type" content="image/png" />
<meta name="twitter:card" content="summary_large_image" />
<meta name="twitter:label1" content="Tempo di lettura stimato" />
	<meta name="twitter:data1" content="1 minuto" />
<script type="application/ld+json" class="yoast-schema-graph">{"@context":"https://schema.org","@graph":[{"@type":"WebPage","@id":"https://www.priscus.eu/it/collaborateur/eduardo-orri/","url":"https://www.priscus.eu/it/collaborateur/eduardo-orri/","name":"Eduardo Orri - Priscus","isPartOf":{"@id":"https://www.priscus.eu/#website"},"datePublished":"2007-07-08T12:27:04+00:00","dateModified":"2023-09-15T14:55:09+00:00","breadcrumb":{"@id":"https://www.priscus.eu/it/collaborateur/eduardo-orri/#breadcrumb"},"inLanguage":"it-IT","potentialAction":[{"@type":"ReadAction","target":["https://www.priscus.eu/it/collaborateur/eduardo-orri/"]}]},{"@type":"BreadcrumbList","@id":"https://www.priscus.eu/it/collaborateur/eduardo-orri/#breadcrumb","itemListElement":[{"@type":"ListItem","position":1,"name":"Accueil","item":"https://www.priscus.eu/it/"},{"@type":"ListItem","position":2,"name":"Eduardo Orri"}]},{"@type":"WebSite","@id":"https://www.priscus.eu/#website","url":"https://www.priscus.eu/","name":"Priscus","description":"","publisher":{"@id":"https://www.priscus.eu/#organization"},"potentialAction":[{"@type":"SearchAction","target":{"@type":"EntryPoint","urlTemplate":"https://www.priscus.eu/?s={search_term_string}"},"query-input":"required name=search_term_string"}],"inLanguage":"it-IT"},{"@type":"Organization","@id":"https://www.priscus.eu/#organization","name":"Priscus","url":"https://www.priscus.eu/","logo":{"@type":"ImageObject","inLanguage":"it-IT","@id":"https://www.priscus.eu/#/schema/logo/image/","url":"https://www.priscus.eu/wp-content/uploads/2023/05/logo.svg","contentUrl":"https://www.priscus.eu/wp-content/uploads/2023/05/logo.svg","width":1,"height":1,"caption":"Priscus"},"image":{"@id":"https://www.priscus.eu/#/schema/logo/image/"}}]}</script>
<!-- / Yoast SEO plugin. -->

Partner de Priscus Iberia et Senior Advisor de Priscus Finance à Paris.Il débute sa carrière professionnelle en 1983 au sein du groupe d&#8217;assurances allemand ARAG, leader européen de l&#8217;assurance de protection juridique, d&#8217;abord comme responsable du bureau de la Communauté valencienne puis comme directeur commercial de la business unit en Espagne jusqu&#8217;en 2003.En 2003, il [&hellip;]
